 be the first derivative of g**4/4 - 4*g - 12. What is d(0)?
-4
Suppose 0 = 3*k - a - 24, k + 4 = 4*a + 23. Let o(j) = -j**3 + 7*j**2 + j - 5. Give o(k).
2
Suppose -2*p - 2 = -0*p. Suppose 2*m - 3*c - 19 = 6*m, c = -m - 6. Let f = m + p. Let a(n) = n**3 + 2*n**2 + 3*n + 1. What is a(f)?
-5
Let t(m) = -3*m**3 - 5*m**2 + 5*m - 6. Let n(c) be the first derivative of c**4 + 5*c**3/3 - 5*c**2/2 + 7*c - 3. Let u(w) = 4*n(w) + 5*t(w). Determine u(3).
-5
Let d(y) = -y**2 - 3*y + 4. Let o(k) = k**3 - 9*k**2 + 3. Let u be o(9). Let r(j) = j**3 - 5*j**2 + 5*j - 2. Let c be r(u). Calculate d(c).
-6
Let x(g) = -5 + 5*g + 2 - g**2 + 0. Let b = -6 + 11. Suppose 4*p = m - 16, -m - 1 = -b*p - 20. Determine x(m).
1
Let k(l) = -3*l**3 + 16*l**2 + 2*l - 2. Let m(h) = 13*h**3 - 65*h**2 - 9*h + 8. Let i(j) = -9*k(j) - 2*m(j). What is i(14)?
2
Suppose 5*z + 12 + 73 = 0. Let m = -12 - z. Let y(h) = 0*h**2 + h**3 - 1 - 5*h**2 + m*h + 2. Calculate y(4).
5
Let q(i) = 6 - 3 + i - 17. Calculate q(0).
-14
Let g be (-3 + 3)/(9/(-3)). Let m(f) = f + 21. What is m(g)?
21
Let g(u) = 3 + u + 11 - 19 + 4. Determine g(-4).
-5
Suppose 5*z - 12 = 3. Let t(q) = 3*q**2 - z*q**2 - 2*q - 2 + q**2. Calculate t(4).
6
Let a(j) = -j**2 + 6*j + 2. Suppose 5*c + o = 35, -3*o - 2 = -2*c - 5. What is a(c)?
2
Suppose -p - 4*p + 30 = 0. Let t = p + -8. Let d(u) = -6*u - 2. Determine d(t).
10
Let y(c) = -15 - c - 13 + 24. Determine y(0).
-4
Let f = -3 - -5. Let j(x) = 2*x - f*x**3 + 0*x**2 + x**2 - x. Let a(z) = z**3 + 14*z**2 + z + 13. Let r be a(-14). Calculate j(r).
2
Let d = 2 + -4. Let t be (-36)/(-8) - d/4. Let x(c) = c + 1. What is x(t)?
6
Suppose -4*m + 5 - 1 = 0. Let s = -14 - -11. Let g = s - m. Let w(c) = -3*c - 6. Give w(g).
6
Let b be (-2 + -3)*(-5 + 4). Let q(p) = b - 3*p + 0 - 3*p + 5*p. Give q(3).
2
Let u(y) be the first derivative of -y**4/4 + 10*y**3/3 + 5*y**2 + 8*y + 3. Let a be u(11). Let m(s) = s**3 + s**2 - 5*s - 4. Give m(a).
-7
Let t(j) = -2*j + 5. Suppose 21 = 4*o + c, 0 = -0*o + 2*o + 3*c - 23. Calculate t(o).
-3
Let l(w) = -w**2 - w - 1. Let q(r) = 9*r**2 - 5*r - 4. Let g(f) = -5*l(f) + q(f). Give g(-1).
15
Let h(u) = -u + 8. Let o be (-44)/(-5) + (-8)/(-40). Let f be h(o). Let x(y) = -3*y - 7. Let j(a) = a - 1. Let z(l) = 6*j(l) - x(l). Give z(f).
-8
Let d(m) = -m + 5. Suppose 0 = -4*l + 5*u + 34, -5*l + 2*u + 21 = -13. Suppose l*w = o + w + 10, 3*w - 6 = -4*o. Calculate d(o).
5
Let k be (-3)/(-9)*-8*-3. Let n(b) = -23*b - 5. Let j(i) = 15*i + 3. Let x(q) = k*j(q) + 5*n(q). Determine x(1).
4
Let o(i) = -i**3 - 3*i**2 - 3*i - 2. Let r be (-1 - 1) + -3 + 21/7. Give o(r).
0
Let w(d) = 11*d - 1. Suppose -7*q + 0*q = -14. Calculate w(q).
21
Let b = -3 + 1. Let r(l) = -77*l - l**2 - 2 + 77*l. Determine r(b).
-6
Let u(i) be the first derivative of i**3/3 - 5*i**2/2 + 6*i + 8. Let z(k) = k**2 + 4. Let v be z(0). What is u(v)?
2
Let g(l) = 6*l**3 - l**2 - l - 1. Let a be (-1 - 4)/(-2 + 1). Suppose -a*w + 3 = -h + 2, 4*h + 4 = -2*w. What is g(h)?
-7
Suppose 0 = -2*g - 1 + 5. Let i(f) = f**2 - 4*f + 3. Let l be i(g). Let m = 4 - l. Let r(a) = -3*a + 7. Determine r(m).
-8
Let b(g) = -g**3 + 4*g**2 + 9*g + 22. Let d be b(6). Suppose 3 - 4 = -r. Let v(y) = 2 - 4 - r - y. Give v(d).
-7
Let v(k) be the second derivative of k**5/20 + k**4/2 + 2*k**3/3 + 3*k**2/2 - 23*k. What is v(-5)?
8
Let w(c) = -2*c - 6. Let z = 14 + -6. Let q = 3 - z. What is w(q)?
4
Let z(n) be the third derivative of -n**6/120 + n**5/12 + n**4/4 + n**3/6 + 18*n**2. Give z(6).
1
Let h be 1/5*5*-7. Let g(d) = -d**2 - 6*d + 2. Determine g(h).
-5
Suppose 8 = 4*f - 0. Let n(i) = 1 - i + 3 - 3. Let a(l) = 2*l - 7. Let k(z) = a(z) + 6*n(z). Determine k(f).
-9
Let h(m) = 3 - m**2 - 6*m + 4*m**2 - 2*m**2. Let v be h(5). Let x(t) = -t**3 + t**2 + 2*t - 1. Give x(v).
7
Let n(u) = u**2 - 5*u + 12 - 14 - 5. Give n(7).
7
Let m(q) = -9*q**2 + 10*q**2 + q + q + 5*q. Calculate m(-4).
-12
Suppose 0 = 6*a - 8*a - 10. Let r = 9 + a. Let j(q) = q**2 - 2*q + 3. Determine j(r).
11
Let i(n) be the first derivative of 1/3*n**3 + n - 3*n**2 - 3. Determine i(4).
-7
Let m(d) = 8*d**3 + 13 + 0*d + 13*d**2 + 2*d - 2*d**2 - 3*d**3. Let s(f) = -3*f**3 - 6*f**2 - f - 7. Let y(l) = 4*m(l) + 7*s(l). What is y(3)?
-3
Suppose -4*k + 7*u = 5*u - 12, 0 = -5*k - 5*u. Let g = 4 + -2. Let r(h) = -h**g + 4*h**2 - 4*h + 2 + 0*h**3 - h**3. Calculate r(k).
-2
Let r(c) = -2*c**3 + 2*c**2 + 2*c - 2. Let i = -22 + 13. Let m(l) = 2*l + 20. Let q be m(i). What is r(q)?
-6
Let m(r) be the first derivative of -r**4/24 - 5*r**3/6 - 3*r**2 + 5. Let o(c) be the second derivative of m(c). Give o(0).
-5
Suppose 4*n = -4, 5*k + 2*n - 1 = 2. Let l(u) be the second derivative of u**4/6 - u**3/3 + u**2/2 + u. Give l(k).
1
Let l(u) = -1 + 0 + u - u**2 - 2*u. Let h(o) = -3*o + 2*o**2 - o + o + 1. Let i(z) = -h(z) - l(z). Calculate i(4).
0
Suppose 0 = -m + 24 - 26. Let z(j) = -2 - j**2 - 7*j + j + 3*j. Determine z(m).
0
Let i(f) be the first derivative of f**3/3 - f**2/2 + 3*f + 7. Determine i(4).
15
Let w(c) = -5*c**3 - c**2 - c - 1. Let v = 2 + 6. Let a = v + -9. Determine w(a).
4
Let q(r) = r**3 - 3*r**2 - r + 1. Suppose 12*x = 11*x + 3. What is q(x)?
-2
Let g(n) = -2*n**2 + 3*n - 3. Let r(x) = x**2 - 4*x + 2. Let v(i) = 2*g(i) + 3*r(i). Let h(k) = k**2 + 7*k. Let t(w) = -2*h(w) - 3*v(w). Determine t(-3).
-3
Let m(q) = -q**3 - 2*q**2 + 4*q. Suppose -8*b + 1 = 25. Give m(b).
-3
Let t be 0 - (1 - -2) - 1. Let g(h) = h - 3. Let i be g(t). Let r = -7 - i. Let u(o) = -o**3 + o**2 - o + 7. Calculate u(r).
7
Let z(h) be the third derivative of -h**5/6 + h**4/24 + h**3/6 - 7*h**2. Calculate z(-1).
-10
Let d(c) = -3*c**2 - 2*c + 1. Suppose 9 = -2*a + 3, 3*a = -s - 11. Give d(s).
-7
Let q(b) = 5*b**2 + 3*b - 6. Let c(d) = 4*d**2 + 2*d - 5. Let x(a) = -6*c(a) + 5*q(a). Let p = -6 + 2. What is x(p)?
4
Let q(a) = -3*a - 2. Suppose -3*w - 6 + 21 = 0. Determine q(w).
-17
Let z(y) = -1 - 4 + 2*y + 1 - y. Let r be (-14)/(-4)*(0 + 2). Let q = r + -11. What is z(q)?
-8
Let h(m) = m**3 - m**2 - m + 12. Suppose -5*j = 2*q - 25, 20 = 3*q + 5*j - j. Calculate h(q).
12
Let v(c) be the first derivative of -c**2 - 5*c - 4. Let a be ((-6)/15)/(1/(-10)). Suppose -a = -m - 9. What is v(m)?
5
Let d(b) be the second derivative of b**6/360 - 7*b**5/120 + b**4/4 - 2*b**3/3 + b. Let g(a) be the second derivative of d(a). What is g(5)?
-4
Let j(i) = 5*i - 10. Let d(b) = 4*b - 11. Let z(x) = -6*d(x) + 5*j(x). Give z(-8).
8
Let z(h) = 2 + h**2 - 30*h + 34*h - 7. Give z(-6).
7
Let p(b) = b**2 - b - 4. Let g = -40 + 24. Let u = -13 - g. Calculate p(u).
2
Suppose 0 = -m + c + 2, -5*m + 0*c + 10 = c. Let v(a) be the second derivative of 2*a**m + 0 + 2*a + 1/6*a**3. Determine v(-5).
-1
Let v be 5*5/(125/(-15)). Let u(i) = -i**3. Let a(y) = -7*y**3 - 4*y**2 + 2*y + 4. Let b(w) = a(w) - 6*u(w). Calculate b(v).
-11
Let q(k) = k**2. Let a be -2 + (-3)/3 + 3. Suppose 0 = -a*d + 4*d + 8. Calculate q(d).
4
Let f(r) = -r + 2. Let t(p) = p. Suppose -5*a + 3*j = 2, 3*j = a + 8 + 2. Let y(w) = a*t(w) + f(w). Calculate y(-5).
-3
Suppose 9 + 9 = -3*s. Let y(d) = -d + 1. Give y(s).
7
Let b(k) = -3*k**2 - 10*k + 1. Let n(g) = -g**2 - g + 1. Let p(v) = -b(v) + 2*n(v). What is p(-4)?
-15
Let f(n) = 4*n**3 - 4*n**2 - n - 5. Let y(z) = 5*z**3 - 5*z**2 - z - 6. Let a(v) = 6*f(v) - 5*y(v). Give a(2).
-6
Let a be (-80)/(-36) - (-2)/(-9). Let n(c) = 5*c**2 - 4*c**2 - 5*c**2 + 3*c**a - 6. Calculate n(0).
-6
Let h(g) be the first derivative of 1 - 2*g + 1/2*g**2. Suppose -10 = 6*o - 8*o. What is h(o)?
3
Let q(c) = -3*c - 2*c - 1 + 4*c. Let g be (-1*(-6)/3)/1. Let n be (-18)/(-15) - g/10. Give q(n).
-2
Let u(n) = 18*n**3 + 1. Let x be u(1). Let i = x - 13. Let b(s) = -s + 8. Give b(i).
2
Let x(w) = -w**3 + 4*w**2 - 1. Suppose -10 - 22 = -4*s. Let f be s/(-20) + 18/(-5). Let k = f - -8. Calculate x(k).
-1
Let i be (-3)/(((-3)/(-32))/(1/4)). Let b(v) = -v - 8. Determine b(i).
0
Let f be (10/(-4))/(3/(-6)). Let k(v) be the third derivative of v**6/120 - v**5/12 - v**4/24 + v**3/2 - 35*v**2. Calculate k(f).
-2
Suppose -z - 3*d = -17, -4*d + 26 = 5*z - 3*z. Suppose -4*y - 7 + 27 = 4*k, -5*y = -5*k - z. Let g(b) = 3 + b**3 + 8*b**2 + 2 - k*b**2 + 7*b. Calculate g(-5).
-5
Let d(c) = -c - 3. Let p be d(-4). Let z be (-24)/(-11) - 6/33. Let l(